{"id":2690,"date":"2026-03-11T22:06:26","date_gmt":"2026-03-11T20:06:26","guid":{"rendered":"https:\/\/rajatlapinkaivoksille.fi\/?page_id=2690"},"modified":"2026-04-15T10:35:23","modified_gmt":"2026-04-15T07:35:23","slug":"maamme-rikkaudet-2026-alustava-ohjelma","status":"publish","type":"page","link":"https:\/\/rajatlapinkaivoksille.fi\/index.php\/maamme-rikkaudet-2026-alustava-ohjelma\/","title":{"rendered":"MAAMME RIKKAUDET 2026"},"content":{"rendered":"<p><span style=\"font-size: 20px;\"><strong>MAAMME RIKKAUDET 2026 (alustava ohjelma, muutokset mahdollisia)\u00a0<\/strong><\/span><\/p>\n<p><strong>KAIVOSTOIMINTA LAPIN VESIST\u00d6JEN UHKANA<\/strong><\/p>\n<p><strong>18.\u201319.9.2026 Kemi, Kemin kulttuurikeskus, Marina Takalon katu 3<\/strong><\/p>\n<p><strong>Voivatko kaivokset ja puhtaat vedet el\u00e4\u00e4 rinnakkain? Tervetuloa syventym\u00e4\u00e4n faktoihin ja keskustelemaan kaivostoiminnan ja Lapin vesist\u00f6jen tulevaisuudesta.<\/strong><\/p>\n<p><strong>OHJELMA PERJANTAINA 18.9.<\/strong><\/p>\n<p><strong>10.00\u00a0 Tilaisuuden avaus<\/strong><br \/>\n<em>Vesa Puuronen, Rajat Lapin kaivoksille ry:n puheenjohtaja<\/em><\/p>\n<p><b>10.15 Terveisi\u00e4 EUsta<\/b><\/p>\n<p>Europarlamentaarikko Sirpa Pietik\u00e4inen<\/p>\n<p><strong>10.45\u00a0 Kaivosten vuotavat rakenteet<\/strong><br \/>\n<em>DI, tiivisrakentamisen asiantuntija Peter Brandt.<\/em><\/p>\n<p><strong>12.00 | Lounas<\/strong><\/p>\n<p><strong>13.00\u00a0 Kaivosten p\u00e4\u00e4st\u00f6t vesist\u00f6ihin<\/strong><br \/>\n<em>DI, teollisuuden j\u00e4tevesien puhdistuksen asiantuntija Leif Ramm-Schmidt<\/em><\/p>\n<p><strong>14.00 | Kahvitauko<\/strong><\/p>\n<p><strong>14.15\u00a0 Radioaktiivisten aineiden vaikutus ihmiseen ja vesieli\u00f6ihin<\/strong><br \/>\n<em>S\u00e4teilyturva-asiantuntija, automaatioinsin\u00f6\u00f6ri Erkki Huhtalo.<\/em><\/p>\n<p><strong>15.00 Animaatio kaivosten yhteisvaikutuksista<\/strong><\/p>\n<p><strong>15.05 Dokumenttielokuva ja journalismi kaivoskysymyksiss\u00e4<br \/>\n<\/strong><\/p>\n<p><em>Ohjaaja Saila Huusko esittelee elokuvan ja vastaa kysymyksiin.<\/em><\/p>\n<p><strong>OHJELMA LAUANTAINA 19.9.<\/strong><\/p>\n<p><strong>\u00a0<\/strong><strong>10.00 P\u00e4iv\u00e4n avaus <\/strong><\/p>\n<p><em>Miisa Mink, Saimaa ilman kaivoksia, puheenjohtaja<\/em><\/p>\n<p><strong>10.15 Kaivosten lyhyt- ja pitk\u00e4aikaiset vesist\u00f6vaikutukset<\/strong><\/p>\n<p><em>Jari Natunen, ymp\u00e4rist\u00f6biokemisti, FT. <\/em><\/p>\n<p><strong>11.00 Paneelikeskustelu: Voiko kaivostoiminta olla kest\u00e4v\u00e4\u00e4 Lapissa?<\/strong><br \/>\n<em>Keskustelemassa perjantain asiantuntijat DI Peter Brand, DI Leif Ramm-Schmidt sek\u00e4 paikallisia elinkeinonharjoittajia (matkailu, porotalous), kaivosteollisuuden edustaja (Keminmaan Elij\u00e4rven kaivos), Rajajokikomission edustaja. <\/em><\/p>\n<p><strong>12.00 | Lounas<\/strong><\/p>\n<p><strong>13.00\u00a0 Lapin luonto ja kaivoshankkeiden yhteisvaikutukset<\/strong><\/p>\n<p><strong>Kuusamon kaivoshankkeiden ja Oulangan kansallispuiston tulevaisuus. <\/strong><\/p>\n<p><em>Mika Fl\u00f6jt, Kitkan viisaat, puheenjohtaja-<\/em><\/p>\n<p><strong>Kemijoen vesist\u00f6 ja kaivosyhti\u00f6iden p\u00e4\u00e4st\u00f6t.<\/strong><\/p>\n<p><em>Mika Suutari-J\u00e4\u00e4sk\u00f6: Villilohi, puheenjohtaja <\/em><\/p>\n<p><strong>Pulju-projekti Ounasjoen uhkana<\/strong><\/p>\n<p>Me\u00e4n kaira ry:n edustaja (ilmoitetaan my\u00f6hemmin)<\/p>\n<p><strong>Tornionjoki uhattuna<\/strong><\/p>\n<p><em>Ruotsin kaivosaktivistien edustaja (ilmoitetaan my\u00f6hemmin)<\/em><\/p>\n<p><strong>Nussirin kaivos uhkaa saamelaisten oikeuksia ja luontoa<\/strong><\/p>\n<p><em>Nussirin kaivoshanketta vastustavan liikkeen edustaja (ilmoitetaan my\u00f6hemmin)<\/em><\/p>\n<p><strong>14.00 | Kahvitauko <\/strong><\/p>\n<p><strong>\u00a0<\/strong><strong>14.15 Osallistaminen viherpesun muotona \u2013 Mit\u00e4 on dialogipesu?<\/strong><\/p>\n<p><em>Sisli Piisil\u00e4, Suomen Luonnonsuojeluliitton Lapin piiri, toiminnanjohtaja<\/em><\/p>\n<p><strong>15.00<\/strong> <strong>Kaivosyhti\u00f6iden sankaritarinat\u00a0\u00a0\u00a0\u00a0\u00a0\u00a0\u00a0\u00a0\u00a0\u00a0\u00a0\u00a0\u00a0\u00a0\u00a0\u00a0\u00a0 <\/strong><\/p>\n<p><em>Eeva Gobaul ja Sirpa Kaikkonen, Rajat Lapin kaivoksille<br \/>\n<\/em><\/p>\n<p><em><strong>15.45<\/strong> <\/em><strong>P\u00e4\u00e4t\u00f6ssanat ja katse tulevaisuuteen<\/strong><\/p>\n<p><em>Miisa Mink, Saimaa ilman kaivoksia, puheenjohtaja, Sisli Piisil\u00e4, SLL Lapin piirin toiminnajohtaja, Saara Laivamaa, SLL;n Lapin piirin puheenjohtaja.<\/em><\/p>\n<p><strong>J\u00e4rjest\u00e4j\u00e4t:<\/strong>\u00a0<strong>Me\u00e4n kaira ry, Rajat Lapin kaivoksille ry, Saimaa ilman kaivoksia ry. ja Suomen Luonnonsuojeluliiton Lapin Piirij\u00e4rjest\u00f6<br \/>\n<\/strong><\/p>\n<p><em>\u00a0<\/em><\/p>\n<p><em>\u00a0<\/em><\/p>\n<p><span style=\"font-size: 20px;\"><em>Puhdas vesi on perint\u00f6, jota ei pid\u00e4 vaarantaa.<\/em><\/span><\/p>\n","protected":false},"excerpt":{"rendered":"<p>MAAMME RIKKAUDET 2026 (alustava ohjelma, muutokset mahdollisia)\u00a0 KAIVOSTOIMINTA LAPIN VESIST\u00d6JEN UHKANA 18.\u201319.9.2026 Kemi, Kemin kulttuurikeskus, Marina Takalon katu 3 Voivatko kaivokset ja puhtaat vedet el\u00e4\u00e4 rinnakkain? Tervetuloa syventym\u00e4\u00e4n faktoihin ja keskustelemaan kaivostoiminnan ja Lapin vesist\u00f6jen tulevaisuudesta. OHJELMA PERJANTAINA 18.9. 10.00\u00a0 Tilaisuuden avaus Vesa Puuronen, Rajat Lapin kaivoksille ry:n puheenjohtaja 10.15 Terveisi\u00e4 EUsta Europarlamentaarikko Sirpa Pietik\u00e4inen [&hellip;]<\/p>\n","protected":false},"author":7,"featured_media":0,"parent":0,"menu_order":0,"comment_status":"closed","ping_status":"closed","template":"","meta":{"footnotes":""},"class_list":["post-2690","page","type-page","status-publish","hentry"],"_links":{"self":[{"href":"https:\/\/rajatlapinkaivoksille.fi\/index.php\/wp-json\/wp\/v2\/pages\/2690","targetHints":{"allow":["GET"]}}],"collection":[{"href":"https:\/\/rajatlapinkaivoksille.fi\/index.php\/wp-json\/wp\/v2\/pages"}],"about":[{"href":"https:\/\/rajatlapinkaivoksille.fi\/index.php\/wp-json\/wp\/v2\/types\/page"}],"author":[{"embeddable":true,"href":"https:\/\/rajatlapinkaivoksille.fi\/index.php\/wp-json\/wp\/v2\/users\/7"}],"replies":[{"embeddable":true,"href":"https:\/\/rajatlapinkaivoksille.fi\/index.php\/wp-json\/wp\/v2\/comments?post=2690"}],"version-history":[{"count":6,"href":"https:\/\/rajatlapinkaivoksille.fi\/index.php\/wp-json\/wp\/v2\/pages\/2690\/revisions"}],"predecessor-version":[{"id":2696,"href":"https:\/\/rajatlapinkaivoksille.fi\/index.php\/wp-json\/wp\/v2\/pages\/2690\/revisions\/2696"}],"wp:attachment":[{"href":"https:\/\/rajatlapinkaivoksille.fi\/index.php\/wp-json\/wp\/v2\/media?parent=2690"}],"curies":[{"name":"wp","href":"https:\/\/api.w.org\/{rel}","templated":true}]}}

<p><span style="font-size: 20px;"><strong>MAAMME RIKKAUDET 2026 (alustava ohjelma, muutokset mahdollisia) </strong></span></p>
<p><strong>KAIVOSTOIMINTA LAPIN VESISTÖJEN UHKANA</strong></p>
<p><strong>18.–19.9.2026 Kemi, Kemin kulttuurikeskus, Marina Takalon katu 3</strong></p>
<p><strong>Voivatko kaivokset ja puhtaat vedet elää rinnakkain? Tervetuloa syventymään faktoihin ja keskustelemaan kaivostoiminnan ja Lapin vesistöjen tulevaisuudesta.</strong></p>
<p><strong>OHJELMA PERJANTAINA 18.9.</strong></p>
<p><strong>10.00  Tilaisuuden avaus</strong><br />
<em>Vesa Puuronen, Rajat Lapin kaivoksille ry:n puheenjohtaja</em></p>
<p><b>10.15 Terveisiä EUsta</b></p>
<p>Europarlamentaarikko Sirpa Pietikäinen</p>
<p><strong>10.45  Kaivosten vuotavat rakenteet</strong><br />
<em>DI, tiivisrakentamisen asiantuntija Peter Brandt.</em></p>
<p><strong>12.00 | Lounas</strong></p>
<p><strong>13.00  Kaivosten päästöt vesistöihin</strong><br />
<em>DI, teollisuuden jätevesien puhdistuksen asiantuntija Leif Ramm-Schmidt</em></p>
<p><strong>14.00 | Kahvitauko</strong></p>
<p><strong>14.15  Radioaktiivisten aineiden vaikutus ihmiseen ja vesieliöihin</strong><br />
<em>Säteilyturva-asiantuntija, automaatioinsinööri Erkki Huhtalo.</em></p>
<p><strong>15.00 Animaatio kaivosten yhteisvaikutuksista</strong></p>
<p><strong>15.05 Dokumenttielokuva ja journalismi kaivoskysymyksissä<br />
</strong></p>
<p><em>Ohjaaja Saila Huusko esittelee elokuvan ja vastaa kysymyksiin.</em></p>
<p><strong>OHJELMA LAUANTAINA 19.9.</strong></p>
<p><strong> </strong><strong>10.00 Päivän avaus </strong></p>
<p><em>Miisa Mink, Saimaa ilman kaivoksia, puheenjohtaja</em></p>
<p><strong>10.15 Kaivosten lyhyt- ja pitkäaikaiset vesistövaikutukset</strong></p>
<p><em>Jari Natunen, ympäristöbiokemisti, FT. </em></p>
<p><strong>11.00 Paneelikeskustelu: Voiko kaivostoiminta olla kestävää Lapissa?</strong><br />
<em>Keskustelemassa perjantain asiantuntijat DI Peter Brand, DI Leif Ramm-Schmidt sekä paikallisia elinkeinonharjoittajia (matkailu, porotalous), kaivosteollisuuden edustaja (Keminmaan Elijärven kaivos), Rajajokikomission edustaja. </em></p>
<p><strong>12.00 | Lounas</strong></p>
<p><strong>13.00  Lapin luonto ja kaivoshankkeiden yhteisvaikutukset</strong></p>
<p><strong>Kuusamon kaivoshankkeiden ja Oulangan kansallispuiston tulevaisuus. </strong></p>
<p><em>Mika Flöjt, Kitkan viisaat, puheenjohtaja-</em></p>
<p><strong>Kemijoen vesistö ja kaivosyhtiöiden päästöt.</strong></p>
<p><em>Mika Suutari-Jääskö: Villilohi, puheenjohtaja </em></p>
<p><strong>Pulju-projekti Ounasjoen uhkana</strong></p>
<p>Meän kaira ry:n edustaja (ilmoitetaan myöhemmin)</p>
<p><strong>Tornionjoki uhattuna</strong></p>
<p><em>Ruotsin kaivosaktivistien edustaja (ilmoitetaan myöhemmin)</em></p>
<p><strong>Nussirin kaivos uhkaa saamelaisten oikeuksia ja luontoa</strong></p>
<p><em>Nussirin kaivoshanketta vastustavan liikkeen edustaja (ilmoitetaan myöhemmin)</em></p>
<p><strong>14.00 | Kahvitauko </strong></p>
<p><strong> </strong><strong>14.15 Osallistaminen viherpesun muotona – Mitä on dialogipesu?</strong></p>
<p><em>Sisli Piisilä, Suomen Luonnonsuojeluliitton Lapin piiri, toiminnanjohtaja</em></p>
<p><strong>15.00</strong> <strong>Kaivosyhtiöiden sankaritarinat                  </strong></p>
<p><em>Eeva Gobaul ja Sirpa Kaikkonen, Rajat Lapin kaivoksille<br />
</em></p>
<p><em><strong>15.45</strong> </em><strong>Päätössanat ja katse tulevaisuuteen</strong></p>
<p><em>Miisa Mink, Saimaa ilman kaivoksia, puheenjohtaja, Sisli Piisilä, SLL Lapin piirin toiminnajohtaja, Saara Laivamaa, SLL;n Lapin piirin puheenjohtaja.</em></p>
<p><strong>Järjestäjät:</strong> <strong>Meän kaira ry, Rajat Lapin kaivoksille ry, Saimaa ilman kaivoksia ry. ja Suomen Luonnonsuojeluliiton Lapin Piirijärjestö<br />
</strong></p>
<p><em> </em></p>
<p><em> </em></p>
<p><span style="font-size: 20px;"><em>Puhdas vesi on perintö, jota ei pidä vaarantaa.</em></span></p>

<p>MAAMME RIKKAUDET 2026 (alustava ohjelma, muutokset mahdollisia)  KAIVOSTOIMINTA LAPIN VESISTÖJEN UHKANA 18.–19.9.2026 Kemi, Kemin kulttuurikeskus, Marina Takalon katu 3 Voivatko kaivokset ja puhtaat vedet elää rinnakkain? Tervetuloa syventymään faktoihin ja keskustelemaan kaivostoiminnan ja Lapin vesistöjen tulevaisuudesta. OHJELMA PERJANTAINA 18.9. 10.00  Tilaisuuden avaus Vesa Puuronen, Rajat Lapin kaivoksille ry:n puheenjohtaja 10.15 Terveisiä EUsta Europarlamentaarikko Sirpa Pietikäinen [&hellip;]</p>
