{"id":2558,"date":"2025-11-17T14:01:31","date_gmt":"2025-11-17T12:01:31","guid":{"rendered":"https:\/\/rajatlapinkaivoksille.fi\/?page_id=2558"},"modified":"2026-04-20T16:54:00","modified_gmt":"2026-04-20T13:54:00","slug":"kaivoskriitikon-tyokalupakki","status":"publish","type":"page","link":"https:\/\/rajatlapinkaivoksille.fi\/index.php\/kaivoskriitikon-tyokalupakki\/","title":{"rendered":"Kaivoskriitikon ty\u00f6kalupakki"},"content":{"rendered":"\t\t<div data-elementor-type=\"wp-page\" data-elementor-id=\"2558\" class=\"elementor elementor-2558\" data-elementor-post-type=\"page\">\n\t\t\t\t\t\t<section class=\"elementor-section elementor-top-section elementor-element elementor-element-ef463af elementor-section-boxed elementor-section-height-default elementor-section-height-default\" data-id=\"ef463af\" data-element_type=\"section\" data-e-type=\"section\">\n\t\t\t\t\t\t<div class=\"elementor-container elementor-column-gap-default\">\n\t\t\t\t\t<div class=\"elementor-column elementor-col-100 elementor-top-column elementor-element elementor-element-2b1563e\" data-id=\"2b1563e\" data-element_type=\"column\" data-e-type=\"column\">\n\t\t\t<div class=\"elementor-widget-wrap elementor-element-populated\">\n\t\t\t\t\t\t<div class=\"elementor-element elementor-element-8fafe9e elementor-widget elementor-widget-text-editor\" data-id=\"8fafe9e\" data-element_type=\"widget\" data-e-type=\"widget\" data-widget_type=\"text-editor.default\">\n\t\t\t\t<div class=\"elementor-widget-container\">\n\t\t\t\t\t\t\t\t\t<p><b>Kaivoskriitikon ty\u00f6kalupakkiin on koottu tietoja\u00a0<\/b><\/p><p><b>1. <a href=\"https:\/\/rajatlapinkaivoksille.fi\/index.php\/2026\/04\/17\/suomessa-toimivia-kaivoksia-ja-kaivoshankkeita\/\">Suomessa toimivista kaivoksista, vireill\u00e4 olevista kaivoshankkeista ja niiden omistajista<\/a><\/b><\/p><p><b>2. <a href=\"https:\/\/rajatlapinkaivoksille.fi\/index.php\/2026\/04\/20\/suomessa-toimivien-kaivosyhtioiden-ymparistokatastrofeja-maailmalla\/\">muutamien Suomessa toimivien ulkomaisten kaivosyhti\u00f6iden maailmalla aiheuttamista ymp\u00e4rist\u00f6katastrofeista\u00a0<\/a><\/b><\/p><p><b>\u00a0<\/b><\/p><p><b>T\u00e4\u00e4lt\u00e4 l\u00f6ytyy tietoa siit\u00e4, miten voi toimia, kun haluaa vaikuttaa<\/b>\u00a0<span style=\"font-size: 1rem;\">kaivosyhti\u00f6iden tai malminetsint\u00e4yhti\u00f6iden tekemiin<\/span><\/p><p><strong>1) <a href=\"https:\/\/rajatlapinkaivoksille.fi\/index.php\/2025\/11\/18\/kaivosvaraus-mita-se-tarkoittaa\/\">varausilmoituksiin<\/a>,<\/strong><\/p><p><strong>2) <a href=\"https:\/\/rajatlapinkaivoksille.fi\/index.php\/2025\/11\/27\/malminetsintalupa-mika-se-on\/\">malminetsint\u00e4lupahakemuksiin tai malminetsint\u00e4lupiin<\/a><\/strong><\/p><p><strong>3) tai muihin lupahakemuksiin sek\u00e4<\/strong><\/p><p><strong>4) yhti\u00f6iden hankkeiden Ymp\u00e4rist\u00f6vaikutusten arviointeihin (YVA) ja YVA prosesseihin.<\/strong><\/p><p>Sek\u00e4 <b>miten voi vaikuttaa <em>valittamalla<\/em>\u00a0<\/b> \u00a0<\/p><p><strong>5) yhti\u00f6iden saamiin saamiin lupiin (esimerkiksi vesi- ja ymp\u00e4rist\u00f6lupiin).<\/strong><\/p><p>T\u00e4\u00e4lt\u00e4 l\u00f6ytyy my\u00f6s tietoja ja esimerkkej\u00e4 kaivoskriittisten yhdistysten tekemist\u00e4<\/p><ol><li>mielipiteist\u00e4, lausunnoista ja<\/li><li>valituksista.\u00a0<\/li><\/ol><p>Lis\u00e4ksi t\u00e4\u00e4lt\u00e4 l\u00f6ytyy <em><a href=\"https:\/\/uefconnect.uef.fi\/cemms-yhteiskuntatieteellisen-kaivostutkimuksen-tutkimuskeskus\/#publications\">kaivosaiheisia tutkimuksia.\u00a0<\/a><\/em>\u00a0<\/p><p><span style=\"font-size: 1rem;\"><b>6<\/b><\/span><b style=\"font-size: 1rem;\">) Uskomattomat sankaritarinat\u00a0<\/b><\/p><p><b style=\"font-size: 1rem;\">\u00a0<\/b><\/p>\t\t\t\t\t\t\t\t<\/div>\n\t\t\t\t<\/div>\n\t\t\t\t\t<\/div>\n\t\t<\/div>\n\t\t\t\t\t<\/div>\n\t\t<\/section>\n\t\t\t\t<\/div>\n\t\t","protected":false},"excerpt":{"rendered":"<p>Kaivoskriitikon ty\u00f6kalupakkiin on koottu tietoja\u00a0 1. Suomessa toimivista kaivoksista, vireill\u00e4 olevista kaivoshankkeista ja niiden omistajista 2. muutamien Suomessa toimivien ulkomaisten kaivosyhti\u00f6iden maailmalla aiheuttamista ymp\u00e4rist\u00f6katastrofeista\u00a0 \u00a0 T\u00e4\u00e4lt\u00e4 l\u00f6ytyy tietoa siit\u00e4, miten voi toimia, kun haluaa vaikuttaa\u00a0kaivosyhti\u00f6iden tai malminetsint\u00e4yhti\u00f6iden tekemiin 1) varausilmoituksiin, 2) malminetsint\u00e4lupahakemuksiin tai malminetsint\u00e4lupiin 3) tai muihin lupahakemuksiin sek\u00e4 4) yhti\u00f6iden hankkeiden Ymp\u00e4rist\u00f6vaikutusten arviointeihin (YVA) [&hellip;]<\/p>\n","protected":false},"author":7,"featured_media":0,"parent":0,"menu_order":0,"comment_status":"closed","ping_status":"closed","template":"","meta":{"footnotes":""},"class_list":["post-2558","page","type-page","status-publish","hentry"],"_links":{"self":[{"href":"https:\/\/rajatlapinkaivoksille.fi\/index.php\/wp-json\/wp\/v2\/pages\/2558","targetHints":{"allow":["GET"]}}],"collection":[{"href":"https:\/\/rajatlapinkaivoksille.fi\/index.php\/wp-json\/wp\/v2\/pages"}],"about":[{"href":"https:\/\/rajatlapinkaivoksille.fi\/index.php\/wp-json\/wp\/v2\/types\/page"}],"author":[{"embeddable":true,"href":"https:\/\/rajatlapinkaivoksille.fi\/index.php\/wp-json\/wp\/v2\/users\/7"}],"replies":[{"embeddable":true,"href":"https:\/\/rajatlapinkaivoksille.fi\/index.php\/wp-json\/wp\/v2\/comments?post=2558"}],"version-history":[{"count":42,"href":"https:\/\/rajatlapinkaivoksille.fi\/index.php\/wp-json\/wp\/v2\/pages\/2558\/revisions"}],"predecessor-version":[{"id":2797,"href":"https:\/\/rajatlapinkaivoksille.fi\/index.php\/wp-json\/wp\/v2\/pages\/2558\/revisions\/2797"}],"wp:attachment":[{"href":"https:\/\/rajatlapinkaivoksille.fi\/index.php\/wp-json\/wp\/v2\/media?parent=2558"}],"curies":[{"name":"wp","href":"https:\/\/api.w.org\/{rel}","templated":true}]}}